
Suppose -2*s + 3 = -7. Let f(u) = -u + 1. Determine f(s).
-4
Suppose 4*k = -5*q - 24 - 14, 4*k = -8. Let x(c) = c**2 + c - 5. Give x(q).
25
Let a(o) = -2*o + 6. Let i be a(5). Let v be ((-20)/6)/(4/(-6)). Let u(h) = 0*h + h**2 + 0*h**2 + 2*h - v. Determine u(i).
3
Let m(o) be the third derivative of -3*o**6/40 + o**5/60 - o**4/12 + o**3/6 - 6*o**2. Determine m(1).
-9
Let t(l) be the second derivative of -l**3/6 - 4*l**2 + 43*l. Determine t(-7).
-1
Let u(k) = k - 6. Let x(m) = 2*m**3 + 4*m**2 + 4*m + 2. Let h be x(-2). Let q(z) = z + 5. Let p be q(h). Let y be -2 + 3 - p*2. What is u(y)?
-3
Let v(r) = r**3 - 9*r**2 + 7*r + 4. Let h = -4 - -12. Let b be v(h). Let i(d) = 5*d - 3. Let q(p) = 3*p - 2. Let w(s) = b*i(s) + 7*q(s). What is w(3)?
1
Let j(y) = y**2 - y + 3. Suppose -3*v + 5*t - 8 = -2*v, 5 = -3*v - 4*t. Let r be (-1)/v - 16/(-6). Suppose i - r*i = 0. What is j(i)?
3
Let l(i) = -6*i - 8. Let m(x) = x + 1. Let z(o) = -l(o) - 8*m(o). Let v = -10 + 19. Suppose -3*d + 0 - v = 0. Calculate z(d).
6
Let c(h) = -h + 3. Let s(f) = 4*f - 4. Let w be s(2). Calculate c(w).
-1
Let n(j) = 0*j + 0*j + j. Determine n(-5).
-5
Let h(j) = j**2 - 8*j + 5. Let t(y) = y**3 - 15*y**2 + 16*y - 4. Let p be t(14). Let c = -18 + p. Give h(c).
-7
Let x(t) = t**3 + 5*t**2 + 6*t + 3. Let w(g) = -2*g**2 + 2*g. Let f be w(2). What is x(f)?
-5
Suppose 0 = n + f - 3 + 4, -4*n + 2*f - 22 = 0. Let u be (0 + n)*12/16. Let d(o) = -o**3 - o**2 + 5*o + 3. Give d(u).
6
Let w(n) = -5*n**2. Suppose 0 = -5*q - 2 + 62. Suppose -c + 14 = 3*k, 0 = -3*c - k + q + 6. Suppose -3*l - 2 = i, -5*i + c*l = 2*l - 8. Determine w(i).
-5
Let a(h) = 2*h - 9. Let f be a(7). Let q(x) = -4*x**3 + 29*x**2 - 13*x + 21. Let j(n) = -n**3 + 7*n**2 - 3*n + 5. Let p(k) = 9*j(k) - 2*q(k). Calculate p(f).
-2
Suppose 0 = -l - 5*l - 12. Let x = -6 - l. Let w(b) = 3*b - 3. Let m(t) = -4*t + 2. Let h(j) = 4*m(j) + 5*w(j). What is h(x)?
-3
Let d(y) = -2*y**2 + 11*y - 5. Let o(u) = u**2 - 5*u + 2. Let r(v) = -3*d(v) - 5*o(v). What is r(6)?
-7
Suppose 2*y - 7 = -x, -x + 3 = 4*x + 2*y. Let i(o) be the first derivative of o**3 + o**2/2 + 5. Determine i(x).
2
Let k(o) = 4*o**2 + 13*o + 10. Let l(c) = -5*c**2 - 14*c - 11. Let x(u) = 4*k(u) + 3*l(u). Give x(-9).
-2
Let f(b) be the third derivative of -b**8/6720 - b**7/630 + b**6/240 - b**5/30 - b**4/8 + b**2. Let h(i) be the second derivative of f(i). Determine h(-5).
6
Let m(n) = n**3 - 3*n**2 + n - 3. Let j(t) = -t**3 + 8*t**2 + 10*t - 10. Let b be j(9). Let d be 1/(b/(-2)) - 5. Let v be d/6*(-1 - 5). Determine m(v).
0
Let w(s) be the first derivative of -s**4/4 + s**3 + 5*s**2/2 - 3. Let n be (-10)/(-25) - 14/10. Let i be (2 + n)*(-32)/(-8). Give w(i).
4
Let n = -5 + 8. Let u(t) = 5*t - 11*t + 1 - 1 - 4*t**2 + t**n. Determine u(5).
-5
Let u(n) = -n - 3. Let b(x) = -x**2 - 3*x - 2. Let g be b(-2). Let h be u(g). Let t(s) = s**3 + 3*s**2 - 3*s - 4. What is t(h)?
5
Let m(x) = 3*x - 1. Let p be 4 + 2/(2/(-3)). Calculate m(p).
2
Let u be (1 - 2/4)*10. Suppose -8 = -b + u*b. Let o(v) = v**3 - 2*v. Let w(i) = -6*i**3 - i**2 + 10*i. Let k(n) = 11*o(n) + 2*w(n). Calculate k(b).
4
Let m = 0 + 0. Let l(r) be the second derivative of -r**4/12 + 7*r**2/2 + r. What is l(m)?
7
Suppose -7 = -2*c + 1. Let j(z) = 4*z. Let n(a) = 2*a. Let b(y) = c*j(y) - 9*n(y). Suppose 3 = -3*m + 6. Determine b(m).
-2
Let v(m) = -2 + 3 - m + 0 - 4. Determine v(0).
-3
Let s(k) = 10*k - 5. Let n(v) = 9*v - 5. Let t(g) = -7*n(g) + 6*s(g). Determine t(4).
-7
Suppose -4*n = 4, 2*w - 2*n + 3*n + 11 = 0. Let s(i) = -5*i - 5. Let p = 18 + -10. Let o(t) = -3*t - 3. Let d(b) = p*o(b) - 5*s(b). Determine d(w).
-4
Let k(y) = -y - 2. Let j(r) = -r**3 + 10*r**2 + 11*r - 9. Let o be j(11). Let g = -7 - o. Determine k(g).
-4
Let w(d) = 7*d + 7. Let b(t) = -2*t - 1. Let m(s) = -4*b(s) - w(s). Calculate m(2).
-1
Let k = -6 + 6. Let z(g) = -g + g**2 + k*g + g + 2*g. Determine z(-2).
0
Suppose 0*c - 4 = 2*c. Let j = c + 4. Let x(w) = -j*w + 3 + 1 - 2. Give x(2).
-2
Let r(c) be the third derivative of -c**6/120 + c**5/20 - c**4/12 - 11*c**2. Calculate r(3).
-6
Suppose -5 = 3*t - 2*t, 3*k + 3*t = 0. Let x = 11 - k. Suppose x = -5*u + 2*u. Let f(d) = -d**3 + d**2 + 3*d + 2. What is f(u)?
8
Let p(m) = 0*m + 0 - 2*m - 2*m**2 + 1. Suppose 8 + 3 = 11*b. Calculate p(b).
-3
Let u = 8 - 0. Let b be 2*(12/u - 2). Let q(x) = 3*x**2 - 1. Calculate q(b).
2
Let r = -4 - -7. Let t = 10 - r. Suppose -5*w - 3*x = -0*w + 3, -x + t = -w. Let o(d) = d + 7. Give o(w).
4
Let i(n) = -n + 8. Let m be (-99)/(-15) - 4/(-10). Give i(m).
1
Let c(f) = -5 + 5 - f**2. Let t = -3 + 5. Suppose -i - i = t. Determine c(i).
-1
Suppose -15 = 15*o - 20*o. Let w(c) = 2*c - 3. What is w(o)?
3
Let q(y) = -y - 1. Let m = -4 - -7. Suppose -3*f = -9, 6*r + m*f + 6 = r. Let v = 5 + r. Calculate q(v).
-3
Suppose -4*q = -7*i + 2*i + 7, -4*i - 3*q = 13. Let p(n) be the third derivative of n**6/30 + n**3/6 - 6*n**2. Determine p(i).
-3
Let f(z) = 13*z - 1. Let c(j) = j + 10. Let n be 3/(8/12 - 1). Let w be c(n). Determine f(w).
12
Let f(h) = h + 2. Let k be f(-3). Let d(j) = -j**3 + 4*j**2 - 5*j + 1. Let b(l) = 3*l**2 - 4*l + 1. Let a(u) = 5*b(u) - 4*d(u). What is a(k)?
-4
Let q(y) = -y - 5 + 4 + 1. What is q(-4)?
4
Suppose 0 = -0*f - 5*f + 25. Let b(c) = c - f*c + 2*c. Let m = -4 - -6. Calculate b(m).
-4
Let x be (-7)/(-3) + 2/3. Let q(n) = 6*n + 1 - 2*n - x*n - 4*n. Give q(2).
-5
Let i(d) = 4*d**3 + d**2 - 2*d + 1. Let q(m) = m + 8. Let l be q(6). Suppose -b + l = -3*b. Let r(z) = z**3 + 7*z**2 - z - 6. Let k be r(b). Give i(k).
4
Let x(z) = z**2 + 11*z + 12. Suppose f + 5 = -3. Calculate x(f).
-12
Let b(n) = 16*n**2 - 18 + 22 - 15*n**2. Let c = 2 - 2. Determine b(c).
4
Let i(r) = -2*r - 1. Let z(g) = 5*g**2 - 4*g - 4. Let s be z(-1). Calculate i(s).
-11
Let h be (3 - 4)/((-2)/(-10)). Let g(j) = -5 + 3*j - j - j**2 - 7*j. What is g(h)?
-5
Let c(d) = 4*d**3 + d**2. Let g(m) = 2*m**3 - 1. Let f(b) = 3*b - 2. Let i be f(2). Suppose i*w = -4*h - 0*w, 0 = h - 2*w - 3. Let s be g(h). Determine c(s).
5
Suppose 42 = -4*w + 138. Suppose w - 4 = 5*r. Let p(x) = 3*x + 6 - 3*x + r*x. Calculate p(-4).
-10
Let z(r) = -4 + 0 + 1 - r**2. Suppose 5*t = -6*i + 2*i + 5, 2*i = 2*t - 2. Give z(i).
-3
Let c be 9/(-21) + (-55)/35. Let d(b) = 2*b**3 + 4*b**2 + 2*b - 1. What is d(c)?
-5
Let l(j) = -j**2 - 8*j - 6. Let t be l(-7). Let g be 4*t*(-9)/(-12). Let a be 1*-2 - (5 - g). Let q(d) = -2*d - 4. Give q(a).
4
Let i(j) = -j**2 + j - 1. Let x(o) = 3*o**2 - 8*o - 1. Let s(a) = 2*i(a) + x(a). What is s(5)?
-8
Suppose -2*u = -5*u + 18. Let p = 3 - u. Let n(r) = -r**2 + 2*r + 2*r**2 + 4 + r**3 + 3*r**2. Give n(p).
7
Let g(k) be the second derivative of -4*k**3/3 + 3*k**2/2 + 25*k. Calculate g(2).
-13
Suppose -2*l - 13*l = -90. Let b(p) = p**3 - 5*p**2 - p - 7 + 0*p - 5*p. What is b(l)?
-7
Let w = -8 - -1. Let f = w - -1. Let x(u) = u + 9. What is x(f)?
3
Let d(z) = 4*z. Suppose -5*j + 3*j = -6. Suppose j = -w + 2. What is d(w)?
-4
Let n(h) = -h. Let k(s) = 4*s + 5. Let d(t) = k(t) + 3*n(t). What is d(-5)?
0
Let r(c) be the third derivative of c**6/720 - c**5/60 + c**4/8 + 3*c**2. Let q(h) be the second derivative of r(h). Give q(-3).
-5
Suppose -s - 5*p = 15, -3*s + 6*p - p = -15. Suppose u + 3*u - 20 = s. Let b(o) = 2*o**3 + 4 + u*o + 2*o**2 - 3*o**3 - 2. What is b(4)?
-10
Let n(u) = u**2 - 5*u. Let w(c) = c**2 - 8*c + 2. Let a(g) = g**2 - 7*g + 2. Let o(p) = -3*a(p) + 2*w(p). Let v be o(3). Determine n(v).
-4
Let b be (3 - -2 - 2) + 1. Let h be (b + (-5 - -3))/1. Let s(p) = -4*p**2 - 2 + p + h*p**2 + 5*p**2. Calculate s(-2).
8
Let y(l) be the first derivative of -l**3/3 - l**2 - 2*l - 3. Calculate y(-2).
-2
Let w(q) = 3*q + 1. Let u be (-5)/(-7) - 2/(-21)*3. Calculate w(u).
4
Let r(d) be the third derivative of d**4/12 + d**3 - 19*d**2. Determine r(-6).
-6
Let o(j) = -j + 5. Let v = -40 + 40. What is o(v)?
5
Suppose 9 = 2*r - 27. Let t = r + -14. Let b(i) = -i**3 + 4*i**2 + 3*i - 4. Determine b(t).
8
Let j = -23 + 37. Suppose -j + 2 = -3*o. Let z(a) = -a**3 + 4*a**2 - 5*a + 6. What is z(o)?
-14
Let u(s) = -2*s**2 + 10*s + 9. Let m(a) = -3*a**2 + 15*a + 14. Let g(c) = -5*m(c) + 7*u(c). Let h be (-30)/12*(17/(-5) - -1). What is g(h)?
-1
Let o(u) = u**3 - 9*u**2 + 8*u. Let b be o(8). Let w(